{"id":4972,"date":"2021-03-22T23:33:58","date_gmt":"2021-03-23T05:33:58","guid":{"rendered":"http:\/\/paginademo.com.mx\/Pharma_Web\/?page_id=4972"},"modified":"2026-01-09T11:25:24","modified_gmt":"2026-01-09T17:25:24","slug":"contacto","status":"publish","type":"page","link":"https:\/\/pharmaigsa.com.mx\/?page_id=4972","title":{"rendered":"Contacto"},"content":{"rendered":"\t\t<div data-elementor-type=\"wp-page\" data-elementor-id=\"4972\" class=\"elementor elementor-4972\" data-elementor-post-type=\"page\">\n\t\t\t\t\t\t<section class=\"elementor-section elementor-top-section elementor-element elementor-element-240d528 elementor-section-full_width elementor-section-height-default elementor-section-height-default\" data-id=\"240d528\" data-element_type=\"section\">\n\t\t\t\t\t\t<div class=\"elementor-container elementor-column-gap-no\">\n\t\t\t\t\t<div class=\"elementor-column elementor-col-100 elementor-top-column elementor-element elementor-element-a7668ca\" data-id=\"a7668ca\" data-element_type=\"column\">\n\t\t\t<div class=\"elementor-widget-wrap elementor-element-populated\">\n\t\t\t\t\t\t<div class=\"elementor-element elementor-element-905312e elementor-absolute elementor-widget elementor-widget-heading\" data-id=\"905312e\" data-element_type=\"widget\" data-settings=\"{&quot;_position&quot;:&quot;absolute&quot;}\" data-widget_type=\"heading.default\">\n\t\t\t\t<div class=\"elementor-widget-container\">\n\t\t\t\t\t<h1 class=\"elementor-heading-title elementor-size-default\">Contacto<\/h1>\t\t\t\t<\/div>\n\t\t\t\t<\/div>\n\t\t\t\t<div class=\"elementor-element elementor-element-f741045 elementor-widget elementor-widget-image\" data-id=\"f741045\" data-element_type=\"widget\" data-widget_type=\"image.default\">\n\t\t\t\t<div class=\"elementor-widget-container\">\n\t\t\t\t\t\t\t\t\t\t\t\t\t\t\t<img fetchpriority=\"high\" decoding=\"async\" width=\"1920\" height=\"1080\" src=\"https:\/\/pharmaigsa.com.mx\/wp-content\/uploads\/2026\/01\/contacto-2-pharma.png\" class=\"attachment-full size-full wp-image-7044\" alt=\"\" srcset=\"https:\/\/pharmaigsa.com.mx\/wp-content\/uploads\/2026\/01\/contacto-2-pharma.png 1920w, https:\/\/pharmaigsa.com.mx\/wp-content\/uploads\/2026\/01\/contacto-2-pharma-300x169.png 300w, https:\/\/pharmaigsa.com.mx\/wp-content\/uploads\/2026\/01\/contacto-2-pharma-1024x576.png 1024w, https:\/\/pharmaigsa.com.mx\/wp-content\/uploads\/2026\/01\/contacto-2-pharma-768x432.png 768w, https:\/\/pharmaigsa.com.mx\/wp-content\/uploads\/2026\/01\/contacto-2-pharma-1536x864.png 1536w\" sizes=\"(max-width: 1920px) 100vw, 1920px\" \/>\t\t\t\t\t\t\t\t\t\t\t\t\t\t\t<\/div>\n\t\t\t\t<\/div>\n\t\t\t\t\t<\/div>\n\t\t<\/div>\n\t\t\t\t\t<\/div>\n\t\t<\/section>\n\t\t\t\t<section class=\"elementor-section elementor-top-section elementor-element elementor-element-bf00e37 elementor-section-boxed elementor-section-height-default elementor-section-height-default\" data-id=\"bf00e37\" data-element_type=\"section\" data-settings=\"{&quot;background_background&quot;:&quot;classic&quot;}\">\n\t\t\t\t\t\t<div class=\"elementor-container elementor-column-gap-default\">\n\t\t\t\t\t<div class=\"elementor-column elementor-col-100 elementor-top-column elementor-element elementor-element-5725656\" data-id=\"5725656\" data-element_type=\"column\">\n\t\t\t<div class=\"elementor-widget-wrap elementor-element-populated\">\n\t\t\t\t\t\t<div class=\"elementor-element elementor-element-8177d17 elementor-widget elementor-widget-heading\" data-id=\"8177d17\" data-element_type=\"widget\" data-widget_type=\"heading.default\">\n\t\t\t\t<div class=\"elementor-widget-container\">\n\t\t\t\t\t<h2 class=\"elementor-heading-title elementor-size-default\">Perm\u00edtanos que uno de nuestros expertos le contacte.<\/h2>\t\t\t\t<\/div>\n\t\t\t\t<\/div>\n\t\t\t\t\t<\/div>\n\t\t<\/div>\n\t\t\t\t\t<\/div>\n\t\t<\/section>\n\t\t\t\t<section class=\"elementor-section elementor-top-section elementor-element elementor-element-afa55ec elementor-section-boxed elementor-section-height-default elementor-section-height-default\" data-id=\"afa55ec\" data-element_type=\"section\">\n\t\t\t\t\t\t<div class=\"elementor-container elementor-column-gap-default\">\n\t\t\t\t\t<div class=\"elementor-column elementor-col-100 elementor-top-column elementor-element elementor-element-0f77489\" data-id=\"0f77489\" data-element_type=\"column\">\n\t\t\t<div class=\"elementor-widget-wrap elementor-element-populated\">\n\t\t\t\t\t\t<div class=\"elementor-element elementor-element-6a5f138 elementor-widget elementor-widget-text-editor\" data-id=\"6a5f138\" data-element_type=\"widget\" data-widget_type=\"text-editor.default\">\n\t\t\t\t<div class=\"elementor-widget-container\">\n\t\t\t\t\t\t\t\t\t<p class=\"wpcf7-contact-form-not-found\"><strong>Error:<\/strong> No se encontr\u00f3 ning\u00fan formulario de contacto.<\/p>\t\t\t\t\t\t\t\t<\/div>\n\t\t\t\t<\/div>\n\t\t\t\t\t<\/div>\n\t\t<\/div>\n\t\t\t\t\t<\/div>\n\t\t<\/section>\n\t\t\t\t<section class=\"elementor-section elementor-top-section elementor-element elementor-element-b95ae51 elementor-section-boxed elementor-section-height-default elementor-section-height-default\" data-id=\"b95ae51\" data-element_type=\"section\">\n\t\t\t\t\t\t<div class=\"elementor-container elementor-column-gap-default\">\n\t\t\t\t\t<div class=\"elementor-column elementor-col-100 elementor-top-column elementor-element elementor-element-a317eb6\" data-id=\"a317eb6\" data-element_type=\"column\">\n\t\t\t<div class=\"elementor-widget-wrap elementor-element-populated\">\n\t\t\t\t\t\t<div class=\"elementor-element elementor-element-a708037 elementor-widget elementor-widget-wp-widget-custom_html\" data-id=\"a708037\" data-element_type=\"widget\" data-widget_type=\"wp-widget-custom_html.default\">\n\t\t\t\t<div class=\"elementor-widget-container\">\n\t\t\t\t\t<h5>Contacto<\/h5><div class=\"textwidget custom-html-widget\">\r\n\r\n  hbspt.forms.create({\r\n    region: \"na1\",\r\n    portalId: \"6275875\",\r\n    formId: \"b9675840-af6c-4fa5-9dba-4f933c7b6e4f\"\r\n  });\r\n<\/div>\t\t\t\t<\/div>\n\t\t\t\t<\/div>\n\t\t\t\t\t<\/div>\n\t\t<\/div>\n\t\t\t\t\t<\/div>\n\t\t<\/section>\n\t\t\t\t<\/div>\n\t\t","protected":false},"excerpt":{"rendered":"<p>Contacto Perm\u00edtanos que uno de nuestros expertos le contacte.<\/p>\n","protected":false},"author":3,"featured_media":0,"parent":0,"menu_order":0,"comment_status":"closed","ping_status":"closed","template":"","meta":{"saved_in_kubio":false,"_monsterinsights_skip_tracking":false,"_monsterinsights_sitenote_active":false,"_monsterinsights_sitenote_note":"","_monsterinsights_sitenote_category":0,"footnotes":""},"class_list":["post-4972","page","type-page","status-publish","hentry"],"kubio_ai_page_context":{"short_desc":"","purpose":"general"},"yoast_head":"<!-- This site is optimized with the Yoast SEO plugin v26.0 - https:\/\/yoast.com\/wordpress\/plugins\/seo\/ -->\n<title>Contacto - PHARMAIGSA<\/title>\n<meta name=\"robots\" content=\"index, follow, max-snippet:-1, max-image-preview:large, max-video-preview:-1\" \/>\n<link rel=\"canonical\" href=\"https:\/\/pharmaigsa.com.mx\/?page_id=4972\" \/>\n<meta property=\"og:locale\" content=\"es_MX\" \/>\n<meta property=\"og:type\" content=\"article\" \/>\n<meta property=\"og:title\" content=\"Contacto - PHARMAIGSA\" \/>\n<meta property=\"og:description\" content=\"Contacto Perm\u00edtanos que uno de nuestros expertos le contacte.\" \/>\n<meta property=\"og:url\" content=\"https:\/\/pharmaigsa.com.mx\/?page_id=4972\" \/>\n<meta property=\"og:site_name\" content=\"PHARMAIGSA\" \/>\n<meta property=\"article:modified_time\" content=\"2026-01-09T17:25:24+00:00\" \/>\n<meta property=\"og:image\" content=\"https:\/\/pharmaigsa.com.mx\/wp-content\/uploads\/2026\/01\/contacto-2-pharma.png\" \/>\n<meta name=\"twitter:card\" content=\"summary_large_image\" \/>\n<meta name=\"twitter:label1\" content=\"Tiempo de lectura\" \/>\n\t<meta name=\"twitter:data1\" content=\"1 minuto\" \/>\n<script type=\"application\/ld+json\" class=\"yoast-schema-graph\">{\"@context\":\"https:\/\/schema.org\",\"@graph\":[{\"@type\":\"WebPage\",\"@id\":\"https:\/\/pharmaigsa.com.mx\/?page_id=4972\",\"url\":\"https:\/\/pharmaigsa.com.mx\/?page_id=4972\",\"name\":\"Contacto - PHARMAIGSA\",\"isPartOf\":{\"@id\":\"https:\/\/pharmaigsa.com.mx\/#website\"},\"primaryImageOfPage\":{\"@id\":\"https:\/\/pharmaigsa.com.mx\/?page_id=4972#primaryimage\"},\"image\":{\"@id\":\"https:\/\/pharmaigsa.com.mx\/?page_id=4972#primaryimage\"},\"thumbnailUrl\":\"https:\/\/pharmaigsa.com.mx\/wp-content\/uploads\/2026\/01\/contacto-2-pharma.png\",\"datePublished\":\"2021-03-23T05:33:58+00:00\",\"dateModified\":\"2026-01-09T17:25:24+00:00\",\"breadcrumb\":{\"@id\":\"https:\/\/pharmaigsa.com.mx\/?page_id=4972#breadcrumb\"},\"inLanguage\":\"es\",\"potentialAction\":[{\"@type\":\"ReadAction\",\"target\":[\"https:\/\/pharmaigsa.com.mx\/?page_id=4972\"]}]},{\"@type\":\"ImageObject\",\"inLanguage\":\"es\",\"@id\":\"https:\/\/pharmaigsa.com.mx\/?page_id=4972#primaryimage\",\"url\":\"https:\/\/pharmaigsa.com.mx\/wp-content\/uploads\/2026\/01\/contacto-2-pharma.png\",\"contentUrl\":\"https:\/\/pharmaigsa.com.mx\/wp-content\/uploads\/2026\/01\/contacto-2-pharma.png\",\"width\":1920,\"height\":1080},{\"@type\":\"BreadcrumbList\",\"@id\":\"https:\/\/pharmaigsa.com.mx\/?page_id=4972#breadcrumb\",\"itemListElement\":[{\"@type\":\"ListItem\",\"position\":1,\"name\":\"Inicio\",\"item\":\"https:\/\/pharmaigsa.com.mx\/\"},{\"@type\":\"ListItem\",\"position\":2,\"name\":\"Contacto\"}]},{\"@type\":\"WebSite\",\"@id\":\"https:\/\/pharmaigsa.com.mx\/#website\",\"url\":\"https:\/\/pharmaigsa.com.mx\/\",\"name\":\"PHARMAIGSA\",\"description\":\"Distribuci\u00f3n, Comercializaci\u00f3n y Dispensaci\u00f3n de Medicamentos\",\"publisher\":{\"@id\":\"https:\/\/pharmaigsa.com.mx\/#organization\"},\"potentialAction\":[{\"@type\":\"SearchAction\",\"target\":{\"@type\":\"EntryPoint\",\"urlTemplate\":\"https:\/\/pharmaigsa.com.mx\/?s={search_term_string}\"},\"query-input\":{\"@type\":\"PropertyValueSpecification\",\"valueRequired\":true,\"valueName\":\"search_term_string\"}}],\"inLanguage\":\"es\"},{\"@type\":\"Organization\",\"@id\":\"https:\/\/pharmaigsa.com.mx\/#organization\",\"name\":\"PHARMAIGSA\",\"url\":\"https:\/\/pharmaigsa.com.mx\/\",\"logo\":{\"@type\":\"ImageObject\",\"inLanguage\":\"es\",\"@id\":\"https:\/\/pharmaigsa.com.mx\/#\/schema\/logo\/image\/\",\"url\":\"https:\/\/pharmaigsa.com.mx\/wp-content\/uploads\/2025\/12\/cropped-LOGO-PHARMAIGSA-1-blanco.png\",\"contentUrl\":\"https:\/\/pharmaigsa.com.mx\/wp-content\/uploads\/2025\/12\/cropped-LOGO-PHARMAIGSA-1-blanco.png\",\"width\":960,\"height\":268,\"caption\":\"PHARMAIGSA\"},\"image\":{\"@id\":\"https:\/\/pharmaigsa.com.mx\/#\/schema\/logo\/image\/\"}}]}<\/script>\n<!-- \/ Yoast SEO plugin. -->","yoast_head_json":{"title":"Contacto - PHARMAIGSA","robots":{"index":"index","follow":"follow","max-snippet":"max-snippet:-1","max-image-preview":"max-image-preview:large","max-video-preview":"max-video-preview:-1"},"canonical":"https:\/\/pharmaigsa.com.mx\/?page_id=4972","og_locale":"es_MX","og_type":"article","og_title":"Contacto - PHARMAIGSA","og_description":"Contacto Perm\u00edtanos que uno de nuestros expertos le contacte.","og_url":"https:\/\/pharmaigsa.com.mx\/?page_id=4972","og_site_name":"PHARMAIGSA","article_modified_time":"2026-01-09T17:25:24+00:00","og_image":[{"url":"https:\/\/pharmaigsa.com.mx\/wp-content\/uploads\/2026\/01\/contacto-2-pharma.png","type":"","width":"","height":""}],"twitter_card":"summary_large_image","twitter_misc":{"Tiempo de lectura":"1 minuto"},"schema":{"@context":"https:\/\/schema.org","@graph":[{"@type":"WebPage","@id":"https:\/\/pharmaigsa.com.mx\/?page_id=4972","url":"https:\/\/pharmaigsa.com.mx\/?page_id=4972","name":"Contacto - PHARMAIGSA","isPartOf":{"@id":"https:\/\/pharmaigsa.com.mx\/#website"},"primaryImageOfPage":{"@id":"https:\/\/pharmaigsa.com.mx\/?page_id=4972#primaryimage"},"image":{"@id":"https:\/\/pharmaigsa.com.mx\/?page_id=4972#primaryimage"},"thumbnailUrl":"https:\/\/pharmaigsa.com.mx\/wp-content\/uploads\/2026\/01\/contacto-2-pharma.png","datePublished":"2021-03-23T05:33:58+00:00","dateModified":"2026-01-09T17:25:24+00:00","breadcrumb":{"@id":"https:\/\/pharmaigsa.com.mx\/?page_id=4972#breadcrumb"},"inLanguage":"es","potentialAction":[{"@type":"ReadAction","target":["https:\/\/pharmaigsa.com.mx\/?page_id=4972"]}]},{"@type":"ImageObject","inLanguage":"es","@id":"https:\/\/pharmaigsa.com.mx\/?page_id=4972#primaryimage","url":"https:\/\/pharmaigsa.com.mx\/wp-content\/uploads\/2026\/01\/contacto-2-pharma.png","contentUrl":"https:\/\/pharmaigsa.com.mx\/wp-content\/uploads\/2026\/01\/contacto-2-pharma.png","width":1920,"height":1080},{"@type":"BreadcrumbList","@id":"https:\/\/pharmaigsa.com.mx\/?page_id=4972#breadcrumb","itemListElement":[{"@type":"ListItem","position":1,"name":"Inicio","item":"https:\/\/pharmaigsa.com.mx\/"},{"@type":"ListItem","position":2,"name":"Contacto"}]},{"@type":"WebSite","@id":"https:\/\/pharmaigsa.com.mx\/#website","url":"https:\/\/pharmaigsa.com.mx\/","name":"PHARMAIGSA","description":"Distribuci\u00f3n, Comercializaci\u00f3n y Dispensaci\u00f3n de Medicamentos","publisher":{"@id":"https:\/\/pharmaigsa.com.mx\/#organization"},"potentialAction":[{"@type":"SearchAction","target":{"@type":"EntryPoint","urlTemplate":"https:\/\/pharmaigsa.com.mx\/?s={search_term_string}"},"query-input":{"@type":"PropertyValueSpecification","valueRequired":true,"valueName":"search_term_string"}}],"inLanguage":"es"},{"@type":"Organization","@id":"https:\/\/pharmaigsa.com.mx\/#organization","name":"PHARMAIGSA","url":"https:\/\/pharmaigsa.com.mx\/","logo":{"@type":"ImageObject","inLanguage":"es","@id":"https:\/\/pharmaigsa.com.mx\/#\/schema\/logo\/image\/","url":"https:\/\/pharmaigsa.com.mx\/wp-content\/uploads\/2025\/12\/cropped-LOGO-PHARMAIGSA-1-blanco.png","contentUrl":"https:\/\/pharmaigsa.com.mx\/wp-content\/uploads\/2025\/12\/cropped-LOGO-PHARMAIGSA-1-blanco.png","width":960,"height":268,"caption":"PHARMAIGSA"},"image":{"@id":"https:\/\/pharmaigsa.com.mx\/#\/schema\/logo\/image\/"}}]}},"_links":{"self":[{"href":"https:\/\/pharmaigsa.com.mx\/index.php?rest_route=\/wp\/v2\/pages\/4972","targetHints":{"allow":["GET"]}}],"collection":[{"href":"https:\/\/pharmaigsa.com.mx\/index.php?rest_route=\/wp\/v2\/pages"}],"about":[{"href":"https:\/\/pharmaigsa.com.mx\/index.php?rest_route=\/wp\/v2\/types\/page"}],"author":[{"embeddable":true,"href":"https:\/\/pharmaigsa.com.mx\/index.php?rest_route=\/wp\/v2\/users\/3"}],"replies":[{"embeddable":true,"href":"https:\/\/pharmaigsa.com.mx\/index.php?rest_route=%2Fwp%2Fv2%2Fcomments&post=4972"}],"version-history":[{"count":41,"href":"https:\/\/pharmaigsa.com.mx\/index.php?rest_route=\/wp\/v2\/pages\/4972\/revisions"}],"predecessor-version":[{"id":7047,"href":"https:\/\/pharmaigsa.com.mx\/index.php?rest_route=\/wp\/v2\/pages\/4972\/revisions\/7047"}],"wp:attachment":[{"href":"https:\/\/pharmaigsa.com.mx\/index.php?rest_route=%2Fwp%2Fv2%2Fmedia&parent=4972"}],"curies":[{"name":"wp","href":"https:\/\/api.w.org\/{rel}","templated":true}]}}